reatest common factor of 231 and 1316?
7
What is the highest common factor of 5665 and 40?
5
What is the highest common divisor of 378 and 14?
14
Calculate the greatest common divisor of 3458 and 754.
26
Calculate the highest common divisor of 72 and 144.
72
What is the greatest common divisor of 53 and 106?
53
What is the greatest common divisor of 20 and 348?
4
Calculate the highest common factor of 84 and 12.
12
Calculate the highest common factor of 27 and 61.
1
Calculate the highest common factor of 86 and 2.
2
Calculate the greatest common factor of 1007 and 53.
53
Calculate the greatest common divisor of 108 and 27.
27
Calculate the highest common factor of 1290 and 86.
86
Calculate the greatest common divisor of 160 and 1940.
20
Calculate the highest common divisor of 252 and 4221.
63
What is the highest common factor of 822 and 12?
6
What is the highest common factor of 15 and 405?
15
Calculate the highest common factor of 27 and 3429.
27
What is the greatest common divisor of 36 and 12?
12
Calculate the highest common divisor of 705 and 60.
15
Calculate the highest common divisor of 217 and 21.
7
Calculate the highest common divisor of 225 and 18.
9
Calculate the greatest common factor of 140 and 252.
28
Calculate the highest common divisor of 13 and 923.
13
Calculate the greatest common factor of 72 and 1422.
18
Calculate the highest common divisor of 82 and 8.
2
Calculate the greatest common divisor of 58 and 2.
2
What is the highest common divisor of 21 and 3?
3
What is the greatest common factor of 8967 and 21?
21
What is the highest common divisor of 30 and 570?
30
Calculate the highest common factor of 144 and 21072.
48
Calculate the greatest common divisor of 1121 and 19.
19
What is the greatest common divisor of 9 and 5877?
9
Calculate the greatest common divisor of 24 and 36048.
24
Calculate the greatest common factor of 1205 and 1928.
241
What is the highest common factor of 147 and 245?
49
What is the highest common divisor of 682 and 1606?
22
What is the greatest common divisor of 108 and 3186?
54
What is the greatest common factor of 200 and 32?
8
Calculate the greatest common factor of 5 and 2.
1
Calculate the highest common factor of 63 and 14.
7
What is the highest common factor of 4906 and 77?
11
What is the highest common factor of 33 and 1573?
11
What is the highest common factor of 140 and 245?
35
What is the highest common divisor of 30930 and 120?
30
Calculate the highest common divisor of 87 and 33.
3
What is the highest common factor of 6 and 408?
6
What is the highest common divisor of 27 and 396?
9
What is the greatest common factor of 3633 and 21?
21
What is the highest common factor of 12 and 14?
2
Calculate the greatest common factor of 1083 and 171.
57
What is the highest common divisor of 396 and 693?
99
Calculate the greatest common factor of 21 and 273.
21
Calculate the highest common divisor of 91 and 52.
13
What is the greatest common factor of 800 and 50?
50
Calculate the greatest common divisor of 29 and 58.
29
What is the greatest common factor of 42 and 6?
6
Calculate the highest common divisor of 308 and 484.
44
Calculate the highest common factor of 155 and 31.
31
Calculate the highest common factor of 84 and 196.
28
What is the greatest common factor of 396 and 81?
9
What is the highest common divisor of 92 and 115?
23
Calculate the highest common factor of 50 and 775.
25
Calculate the highest common divisor of 4464 and 96.
48
Calculate the greatest common divisor of 40 and 8.
8
Calculate the greatest common factor of 60 and 1170.
30
What is the highest common factor of 6589 and 55?
11
What is the greatest common divisor of 23 and 713?
23
What is the highest common factor of 338 and 221?
13
Calculate the greatest common divisor of 11976 and 72.
24
What is the greatest common factor of 42 and 2996?
14
Calculate the greatest common factor of 6 and 17475.
3
Calculate the greatest common factor of 67 and 3.
1
What is the highest common factor of 525 and 825?
75
Calculate the greatest common factor of 380 and 5980.
20
Calculate the greatest common factor of 217 and 7.
7
Calculate the greatest common factor of 262 and 2.
2
What is the greatest common divisor of 576 and 112?
16
What is the greatest common divisor of 640 and 400?
80
What is the greatest common factor of 1530 and 250?
10
Calculate the highest common factor of 1026 and 228.
114
Calculate the highest common divisor of 378 and 14.
14
What is the greatest common factor of 64 and 4640?
32
What is the greatest common divisor of 2256 and 84?
12
What is the highest common divisor of 377 and 156?
13
What is the highest common divisor of 26 and 169?
13
Calculate the greatest common factor of 5968 and 16.
16
Calculate the highest common factor of 18 and 486.
18
Calculate the greatest common divisor of 24 and 312.
24
Calculate the greatest common factor of 833 and 136.
17
What is the greatest common factor of 7889 and 23?
23
What is the highest common divisor of 210 and 45?
15
What is the greatest common divisor of 16 and 688?
16
What is the greatest common divisor of 40 and 1000?
40
What is the greatest common factor of 309 and 21321?
309
What is the highest common factor of 5346 and 22?
22
Calculate the highest common divisor of 308 and 396.
44
What is the highest common divisor of 18 and 498?
6
What is the greatest common divisor of 68 and 28?
4
What is the highest common factor of 780 and 588?
12
Calculate the greatest common factor of 2704 and 832.
208
What is the highest common divisor of 79 and 7?
1
What is the greatest common factor of 80 and 88?
8
Calculate the highest common divisor of 3610 and 90.
10
What is the greatest common divisor of 192 and 6?
6
Calculate the highest common divisor of 132 and 38412.
132
Calculate the greatest common divisor of 120 and 300.
60
What is the greatest common divisor of 2232 and 936?
72
Calculate the greatest common factor of 135 and 465.
15
What is the highest common factor of 60 and 30?
30
Calculate the highest common factor of 3852 and 252.
36
Calculate the greatest common factor of 342 and 19.
19
What is the greatest common factor of 5537 and 196?
49
Calculate the greatest common factor of 1029 and 105.
21
Calculate the greatest common divisor of 4606 and 392.
98
What is the greatest common factor of 896 and 7?
7
What is the highest common divisor of 24 and 2136?
24
Calculate the highest common divisor of 70 and 105.
35
Calculate the highest common divisor of 20 and 35.
5
Calculate the greatest common factor of 372 and 1426.
62
What is the highest common divisor of 114 and 171?
57
What is the greatest common factor of 1827 and 4002?
87
Calculate the greatest common divisor of 11 and 8.
1
Calculate the highest common divisor of 56 and 2240.
56
Calculate the greatest common factor of 45 and 1110.
15
What is the highest common divisor of 2560 and 896?
128
Calculate the greatest common factor of 20 and 5780.
20
What is the highest common divisor of 26 and 1157?
13
What is the greatest common divisor of 626 and 2?
2
What is the highest common divisor of 1235 and 325?
65
What is the highest common factor of 286 and 6721?
143
Calculate the greatest common divisor of 121 and 99.
11
Calculate the highest common factor of 5085 and 6.
3
Calculate the greatest common factor of 176 and 64.
16
What is the highest common divisor of 1 and 617?
1
What is the greatest common divisor of 41 and 5248?
41
Calculate the highest common factor of 328 and 41.
41
Calculate the highest common divisor of 11 and 151.
1
What is the highest common factor of 70 and 680?
10
Calculate the greatest common divisor of 48 and 324.
12
Calculate the greatest common factor of 87 and 145.
29
Calculate the highest common divisor of 425 and 25.
25
What is the greatest common divisor of 759 and 132?
33
What is the greatest common factor of 3018 and 30?
6
What is the greatest common divisor of 68 and 12?
4
Calculate the greatest common divisor of 29 and 13891.
29
Calculate the highest common factor of 272 and 32.
16
What is the greatest common divisor of 5888 and 224?
32
Calculate the highest common factor of 1435 and 70.
35
Calculate the greatest common factor of 13 and 1807.
13
Calculate the highest common factor of 1044 and 4756.
116
Wh